+ 30*z - 3. Let v(d) = 3*d**2 + 36*d - 20. Let n(y) = 8*v(y) + 5*x(y). What is n(12)?
2
Let q(c) = -1 - 3*c**2 - c**2 + 2 - 6*c**2. Let o be 72/15*(-15)/(-6). Let h(p) = 3*p - 37. Let l be h(o). Calculate q(l).
-9
Let l(a) = 162*a**3 - 8*a**2 - 28*a + 36. Let i(c) = -54*c**3 + 3*c**2 + 10*c - 13. Let j(m) = 11*i(m) + 4*l(m). Determine j(1).
54
Let p = 515 - 505. Let t(r) = -14*r + 0*r**2 + 13*r + p + r**2 + 5*r. Determine t(-4).
10
Let w be 1/(4/10) + 2/4. Suppose w*o - 5*o + 5*k = -29, -11 = 2*o + 3*k. Let d(z) = -z**3 + 3*z**2 + 76*z - 1 - 6*z**2 - 75*z + z**2. What is d(o)?
-15
Let i(m) = -m**3 - 4*m**2 - 3*m + 10. Suppose -5145*y + 5243*y = 392. Give i(y).
-130
Let y(a) = -a - 155. Let p(h) = h + 31. Let s(z) = 5*p(z) + y(z). What is s(-5)?
-20
Let j(d) = -18*d**3 + 14*d**2 + 30*d + 3. Let x(a) = 10*a**3 - 8*a**2 - 17*a - 1. Let p(n) = -4*j(n) - 7*x(n). Give p(-3).
-56
Suppose b + 3*s - 178 = 0, 3*s = 5*b - 2*s - 830. Let l = b - 163. Let d(i) = -i**2 + 4*i - 3. Determine d(l).
-15
Let p(c) be the third derivative of -c**5/60 - 5*c**4/8 - 5*c**3/6 + 2201*c**2. Determine p(-20).
-105
Let o(x) = -44*x - 47. Let v be -2*(-2 + 130/40 - (-3)/(-4)). Determine o(v).
-3
Let l be (-40)/(-24) - (3940/(-12) - -1). Let r = l + -336. Let y(t) = t**3 + 6*t**2 - 6*t - 8. Give y(r).
-15
Suppose -27*p + 336 = p. Let v(l) = 74*l - 76*l + p - 2. Calculate v(7).
-4
Let c be ((-1)/(-5))/(8/80). Let y(k) = 2284 - 2282 + 7*k**c - 8*k**2 - 5*k. Give y(-4).
6
Suppose -236 + 374 = 23*d. Let k(s) = s**2 - 7*s + 14. Let t(a) = a**2 - 7*a + 15. Let z(h) = -6*k(h) + 5*t(h). Give z(d).
-3
Let d(b) be the second derivative of 7*b**3/6 + 7*b**2/2 + b. Let a be d(3). Let w = -22 + a. Let x(i) = -2*i + 9. Give x(w).
-3
Let c(o) be the first derivative of o**3/3 + 5*o**2 + 14*o + 74. Determine c(-9).
5
Let j = 171 - 155. Let t = j - 11. Let u(l) = -2*l**2 + 6*l + 5. Give u(t).
-15
Let v(g) = g - 10. Let u(w) = -13*w + 49. Let j = 88 + -85. Let m be u(j). Give v(m).
0
Let k(i) = 2*i + 26. Suppose 20*g - 24*g + 104 = 0. Let b be g/((3 - 10) + 5). What is k(b)?
0
Let z(r) = 13*r - 24. Let a(l) = -l**2 - 51*l - 556. Let c be a(-16). Calculate z(c).
28
Let r(x) be the first derivative of -x**6/180 + x**5/5 + 5*x**4/24 - 287*x**3/3 + 153. Let q(i) be the third derivative of r(i). Calculate q(12).
5
Let p(o) = -o - 5. Let i(k) = 4*k + 21. Let n(y) = 4*i(y) + 18*p(y). Let r be (-9 + 1078/132)/((-3)/18). Determine n(r).
-16
Let f(x) = x + 6. Let k(i) = i**2 - 7*i - 26. Let d be (10/(-4) + 1)*(-28)/(-6). Let q be k(d). Suppose -14*u - q = -23*u. Calculate f(u).
14
Let s(t) = t**2 - 1. Let h be 1/2 - (-3)/(-6). Suppose -10*f + 18 = 4*z - 12*f, -3*f - 5 = 5*z. Suppose h*k - z = k. Determine s(k).
3
Let l(g) = g**3 - 2*g**2 - 14*g + 1. Let p be l(-3). Let c(o) = 13*o + 3. Let t(h) = 41*h + 11. Let r(y) = -7*c(y) + 2*t(y). Determine r(p).
19
Let y(n) be the first derivative of n**3/3 - 21*n**2/2 - 16*n - 2189. Determine y(21).
-16
Let k(d) = -2 - d**3 - 4*d**2 + 0*d**2 + 2*d**3 + 3*d. Suppose -5*v + h = -14, h - 53 = -4*v - 40. What is k(v)?
-2
Suppose -4134 + 819 = 13*p. Let u = p + 258. Let o(r) = 4*r + 3. Calculate o(u).
15
Let s be (2 - (1 + 0))*-1. Suppose -26*o + 58 = 6. Let j(z) = -9*z**2 + o*z**2 + 13*z**2. Give j(s).
6
Let o(u) = 2*u - 51*u**2 + 0*u**3 - 2*u**3 - 5*u + 57*u**2 - 1764 + 1765. Determine o(3).
-8
Let x(v) = 4*v - 11. Let a(j) = -11*j + 31. Let f be (-22)/(-253) + 186/(-23). Let h(u) = f*x(u) - 3*a(u). Calculate h(13).
8
Let y = -1451 + 5146. Suppose 5*q + y = 5*u, u - 2227 = -2*u - 2*q. Let k(g) = 2 + 736*g + 1 - u*g. Calculate k(4).
-17
Let a(m) = -m**3 + 61*m**2 + 133*m - 195. Let x(v) = -v**3 + 60*v**2 + 133*v - 196. Let t(b) = 3*a(b) - 2*x(b). Determine t(65).
2
Let q be (1*7 + -1)*88/264. Let s(c) = -8*c - 3*c**q - 5*c**2 + 3 + 5*c + 0*c**2 + 9*c**2. Let o = 3 - 0. Calculate s(o).
3
Let i(n) be the third derivative of -13*n**2 + 0 - 3*n + 1/24*n**4 - 1/2*n**3. Give i(4).
1
Let j(k) = k**2 + 6*k + 4. Let u(w) be the second derivative of -w**5/20 + w**4/2 - w**3/2 - 16*w. Let a be u(5). Suppose a*f = f - 45. Give j(f).
-1
Let d be 6/18 + 10/6. Let f be 15/30*12/d. Let b(n) = n**3 - n**2 - 5*n + 5. Let z(w) = -w**2 + w - 1. Let k(r) = -b(r) - 3*z(r). Determine k(f).
13
Let q(l) = 3*l**2 + l - 1. Let n be q(0). Let y be (1 - n/1) + (-1 - -2). Let f(j) = -j + j**2 + 20 + j**y - 48 + 26. What is f(-2)?
-4
Suppose -24*l + 120 + 90 = 46*l. Let t(c) be the third derivative of 0*c**l + 19*c**2 + 1/24*c**4 - 1/60*c**5 - 1/120*c**6 + 0 + 0*c. What is t(1)?
-1
Let r(g) = 2*g**2 - 4*g + 8. Let q be r(0). Let x(k) = -11*k + 7*k + q*k. Give x(3).
12
Let t(b) be the second derivative of -7*b**4/24 + b**3/6 + 120*b**2 + 5*b. Let i(d) be the first derivative of t(d). What is i(7)?
-48
Let j be (-5028)/16*8/(-6). Let v(g) = 216 + g**2 + 211 - j - 6*g - 3*g. Calculate v(7).
-6
Let b(w) be the third derivative of -w**5/30 + w**4/12 - 2*w**3 + 262*w**2 + 11. What is b(5)?
-52
Let l(m) be the first derivative of m**4/4 - 4*m**3/3 - 5*m**2/2 + 7*m - 1825. Determine l(3).
-17
Let t(c) = 12*c + 89. Let b be t(-7). Suppose b*y + 2*k + 64 = -22, 0 = y - 3*k + 7. Let p(v) = -2*v**3 - 32*v**2 - v - 10. Give p(y).
6
Let m(q) be the second derivative of 119 + 17/6*q**3 - q + 0*q**2. What is m(1)?
17
Let t be (-10)/20*(1/1 + -5). Let i(w) = 521*w + 519*w - t - 1038*w. Give i(1).
0
Let f(s) = -547*s**2 + 1086*s - 3. Let t be f(2). Let z(m) = -m**3 - 19*m**2 - m - 36. What is z(t)?
-17
Let r(n) = -9*n**3 - 38*n + 29. Let u(z) = 4*z**3 + z**2 + 15*z - 14. Let q(o) = -3*r(o) - 7*u(o). Determine q(-5).
-84
Let y(f) = 13*f**2 + 2*f + 1. Let o(p) = p**2 + 3*p + 1. Suppose 2*s - 5 = 19. Let a be (-21)/s - 1/4. Let d be o(a). Calculate y(d).
12
Let d(j) = -j - 2. Suppose 4*v - 350 = 366. Suppose 3*y + 3*h = -2*y + v, y = 3*h + 25. Let u = y + -41. What is d(u)?
5
Let m(v) = -20*v + 184*v**2 - 190*v**2 + v**3 + 20*v - 12. Give m(6).
-12
Let v(a) = 5*a + 12 + 59 - 155 + 15*a. Give v(4).
-4
Suppose 0 = -3*x + j + 13, -2*x + 2*j + 3 + 11 = 0. Let f(b) = 3*b - 4. Let h(c) = -2*c + 2. Let a(y) = x*f(y) + 5*h(y). What is a(4)?
-6
Let s(u) = 70*u - 76*u - 6753 - u**2 + 6743. Determine s(0).
-10
Let g = 325 + -313. Let i(n) = n - 16. Let t be i(g). Let l(r) = -2*r - 8. Give l(t).
0
Let l(b) = 2*b**3 + 40*b**2 + 18. Suppose -2*s - 25 = -3*a, 4*a + 120 = -38*s + 33*s. Calculate l(s).
18
Let v(l) = -39*l - 9. Let t(w) = 215*w + 46. Let n(o) = -4*t(o) - 22*v(o). What is n(11)?
-8
Suppose -84 = -3*g + 5*i, -10*i = -13*i - 9. Let c(y) = 37*y - 19*y - 17*y + g - 5. Give c(-8).
10
Let u(l) = -1 - 473*l - 35*l**2 + 0 + 3 + 239*l + 237*l. Give u(-1).
-36
Let t(n) = 8*n - 19. Let y be ((-4)/(-3) - (-36)/(-9))*(-375)/100. What is t(y)?
61
Suppose 77*y - 230*y - 1683 = 0. Let q(i) = 5*i + 45. What is q(y)?
-10
Let p(t) = -t**2 - 25*t - 40. Suppose 2*r - 3*o + 15 = -34, -o = 2*r + 45. Let l be p(r). Let x(s) = -s**3 + 5*s**2 + 8*s - 9. Give x(l).
3
Let r be (2/6)/((-1)/3). Let o(m) be the first derivative of -1/3*m**3 + 3/4*m**4 + 0*m - 27 - 1/2*m**2. Calculate o(r).
-3
Let j(z) be the first derivative of z**4/4 - 2*z**3 - z**2/2 - 4*z - 925. Give j(6).
-10
Let s(a) = 8*a + 10. Let r = -20 - -87. Let v = -61 + r. Let q(b) = -7*b - 8. Let w(n) = v*s(n) + 7*q(n). Determine w(-5).
9
Let j(r) = -20*r + 226. Let l(v) = -65. Let t(c) = -j(c) - 3*l(c). Calculate t(4).
49
Let n(q) = -q**3 + 10*q**2 - 11*q - 12. Let h = -376 - 308. Let o = h - -693. Calculate n(o).
-30
Let r(h) = 449 - 906 + h + 453 + 0*h. Suppose 5*m = 7*m. Determine r(m).
-4
Suppose 26*z = 23*z - 15. Let v(n) = 16*n - 4. Let d(x) = -8*x + 2. Let j(g) = z*d(g) - 2*v(g). Calculate j(4).
30
Let h be (1/(-2))/(1/2). Let x(r) = -15*r**2 - r - 3. Let j(z) = -z**2 - 1. Let u be 3 + -10 + (1 - -3). Let p(w) = u*j(w) + x(w). Determine p(h).
-11
Let m(f) = -15*f**3 - 567*f**2 - 174*f - 110. Let i(x) = 3*x**3 + 113*x**2 + 35*x + 22. Let c(s) = 11*i(s) + 2*m(s). Determine c(-36).
-14
Let a(o) = -o**2 - 15*o - 10. Let x(y) = -y**3 - 13*y**2 + 5*y - 39. Let l be x(-12). Let q = l + 229. Calculate a(q).
4
Let s(g) = 5*g + 2. Let f be s(-2). Let y(h) = h**2 + 7 + 4 - 1 - 3 + 4 + 11*h. Give y(f).
-13
Suppose -547 = -2*f - 8*f - 527. Let g(m) = -13*m**2 + m - 1. Determine g(f).
